reatest common factor of z and 60.
20
Suppose 52 = 2*y + 3*f, 0 = -y + f + 25 + 1. Let z(g) = 51*g + 2. Let r be z(2). Calculate the greatest common divisor of r and y.
26
Suppose -3*i + 14 = -2*i. Let x be ((-12)/i)/(9/(-42)). Let o be (-435)/(-20) + (-3)/x. What is the highest common divisor of o and 168?
21
Let q = 305 + -188. Let j(y) be the second derivative of 4*y**3/3 - 3*y**2/2 + 3*y. Let w be j(2). Calculate the greatest common factor of w and q.
13
Let r = 32 + -28. Suppose -3*p + 56 = -r*s, 3*s + 97 = -2*p + 7*p. Calculate the highest common divisor of p and 4.
4
Suppose -2*y + 2*k = -5650, -6987 - 7162 = -5*y - 3*k. Calculate the greatest common divisor of 28 and y.
28
Let o(b) = -b**2 + 6*b + 270. Let z be o(0). Calculate the highest common divisor of z and 10.
10
Let m be (-1 + 2 + 1)*(-136)/16. Let d(a) = a**3 + 16*a**2 - 23*a - 22. Let p be d(m). What is the highest common divisor of p and 10?
10
Let c(d) be the first derivative of -2*d**3/3 + 19*d**2/2 - 15*d + 4. Let g be c(8). Calculate the greatest common divisor of 9 and g.
9
Let o = -24 + 25. Let z = 12 + -3. Calculate the highest common divisor of o and z.
1
Suppose 5*g = 4*g + 2. Suppose -g*q - 24 = 4*w, -2*w + 4 = -2*q - 2. Let k be (-4)/q + 524/6. Calculate the greatest common divisor of 11 and k.
11
Suppose 3*o + 79 = q, 4*o + 232 = 3*q - 0*q. Let u = q + -38. Suppose -2*n - 5 = -119. What is the greatest common divisor of u and n?
19
Suppose 6*d - 78 = 30. Let k(x) = 6*x. Let l be k(-1). Let s = l + 51. What is the greatest common factor of s and d?
9
Let o = -462 - -570. Suppose 3*r - 42 = -2*v, 0 = -5*r + v + 9 + 48. Calculate the highest common factor of o and r.
12
Suppose -4*l + 3*m = -600, 3*l = -4*m - 14 + 489. Calculate the highest common divisor of l and 102.
51
Suppose -3*d - 2*q + 130 = 2*q, -5*d = 5*q - 225. Suppose -1 = -3*y + d. What is the greatest common factor of 68 and y?
17
Suppose 4729*y + 126 = 4735*y. Let w(f) = -7*f**3 + f**2 + 2*f + 1. Let m be w(-1). What is the highest common divisor of y and m?
7
Let j(p) = 3*p**2 - 58*p + 245. Let t be j(4). Calculate the greatest common factor of 1159 and t.
61
Suppose -136 = -3*a + 59. Suppose 7*r - 33 = a. Calculate the greatest common factor of r and 154.
14
Let r be 6/9*60 + -1. Let o be (52/(-16))/(3/(-144)). What is the highest common factor of r and o?
39
Let y = 9 - 4. Let a(j) = 4*j**3 + 19*j**2 - 23. Let z be a(-4). Calculate the greatest common factor of y and z.
5
Let a be 7/(-14)*-2 + (-8)/2. Let x be 3 + a*(2 - 19). Calculate the highest common divisor of x and 6.
6
Suppose 249 = 45*a - 381. What is the highest common factor of 147 and a?
7
Let m = 1 - -2. Suppose -16 = m*t - 5*t. Let h be 96/(2 + 2/(-4)). Calculate the highest common factor of t and h.
8
Let p be (14/6 + (-5)/15)/1. Suppose -4*u - p*u + 336 = 0. Suppose 0*k + 5*k - 40 = 0. Calculate the highest common factor of k and u.
8
Suppose -175 = 5*b - 280. What is the greatest common factor of b and 21?
21
Let n be (-77)/22*(-36)/7. Let t = n + -9. What is the highest common divisor of 27 and t?
9
Let j(h) = 2*h**3 + 7 - 5*h - h**3 + 0*h + 4*h**2. Let f = -13 - -8. Let z be j(f). What is the greatest common factor of 1 and z?
1
Let m(a) = -12*a - 380. Let n be m(-33). Calculate the greatest common factor of n and 10.
2
Let i = -117 + 369. Calculate the greatest common factor of 84 and i.
84
Let j(i) = i**3 - 20*i**2 + 51*i - 583. Let q be j(19). Let l = 230 - 55. Calculate the greatest common factor of l and q.
25
Let g = -265 + 275. Suppose 2*m = 5 + 5. What is the greatest common divisor of g and m?
5
Suppose -3305 - 12355 = -18*t. Calculate the highest common divisor of 60 and t.
30
Let r(u) = 2*u**2 - 3*u + 14. Let z be r(-6). Let j(c) = c**2 + 13*c + 53. Let q be j(-5). What is the greatest common factor of z and q?
13
Suppose -29*y + 7196 = 2411. Calculate the greatest common factor of y and 33.
33
Suppose -3*z + 38 = 2*v, 2*v + 3*z + 1 = 3*v. Calculate the greatest common factor of 26 and v.
13
Let z = 11 - 61. Let y = z + 162. What is the greatest common divisor of 16 and y?
16
Suppose 0 = 261*v - 258*v - 1254. Calculate the greatest common factor of 76 and v.
38
Let h(o) = -17*o - 52. Let b be h(-4). Calculate the highest common factor of 512 and b.
16
Suppose -1076 - 618 = -7*o. Let h be (-45)/(-2) - (-1)/(-2). Calculate the highest common factor of o and h.
22
Let d(x) = -9*x - 13. Let h be d(-4). What is the greatest common factor of h and 1219?
23
Let j = -9 + 18. Let r be (j + -4)/((-2)/(-18)). Calculate the highest common factor of 18 and r.
9
Let f be (6/3)/(4/78). Suppose r + 15*k = 14*k + 49, -107 = -2*r + k. Calculate the greatest common factor of f and r.
13
Suppose -5*k = -8 - 12, -5*i + 45 = 5*k. Suppose 4*s - t - 68 = -i*t, 0 = 5*s - t - 103. Calculate the greatest common factor of 5 and s.
5
Let l be -2*14/(-20) + (-3)/(-5). Let t be l/17 - 256/(-136). What is the highest common divisor of 1 and t?
1
Let h be -7*((-3096)/(-14))/(-6). Calculate the greatest common factor of h and 9.
3
Let p be -14*(22/(-10) - (-102)/85). Let o be 3 - 4 - (-57 - 0). Calculate the highest common divisor of p and o.
14
Let c be (-9)/(-45) + 4088/35. Calculate the highest common divisor of c and 143.
13
Let u = -388 - -1433. Calculate the highest common divisor of u and 55.
55
Let m = 346 + -323. Calculate the greatest common factor of 184 and m.
23
Let l = -161 + 163. Suppose 3*c + k = 139, -c = l*k - 21 - 17. Calculate the highest common divisor of 3 and c.
3
Suppose -5*v - 136 = -c - 0*v, -5*v + 227 = 2*c. Let j be (-4)/(-10) + 198/5 + -2. Let y = 49 - j. Calculate the highest common factor of y and c.
11
Let l(z) = 2*z**2 - 6*z - 9. Let o be l(-9). Calculate the greatest common divisor of o and 23.
23
Suppose 6 = 2*w + w. Suppose 0 = -a + m + 12, -w*a + 3*m = 3*a - 56. Calculate the highest common factor of a and 10.
10
Let v(w) = -3*w**3 - 40*w**2 - 48*w + 5. Let l be v(-12). Let j be (-12)/(-2)*10/4. What is the greatest common divisor of j and l?
5
Suppose 0 = -4*h + 102 - 6. Suppose 0*w - 3*w + h = 0. Let k be (-158)/(-5) - 2/(-5). Calculate the greatest common factor of w and k.
8
Let w = 21 + -10. Suppose 0 = 3*n - 7*n - 48. Let p = n + 13. What is the greatest common divisor of w and p?
1
Suppose -3*c - c = -220. What is the greatest common factor of 33 and c?
11
Let y(g) = g**3 - 30*g**2 + 95*g + 11. Let p be y(29). What is the highest common divisor of p and 77?
77
Let n(i) = -i**2 + 91. Let y be n(9). What is the highest common factor of 3 and y?
1
Suppose -70*v + 35 = -63*v. What is the greatest common factor of 1345 and v?
5
Suppose -2*p - 3 = 25. Let o = -10 - p. Let b(w) = -4*w**3 + w - 2. Let k be b(-2). What is the highest common divisor of k and o?
4
Let b = -67 - -4. Let g be ((-7)/1)/((-9)/b). Let a = g - -349. What is the greatest common factor of 30 and a?
30
Suppose 2*l = -3*l - 2*j + 55, 4*l = 3*j + 21. Calculate the greatest common factor of 4 and l.
1
Let b be 4/(2/4*(-3)/3). Let w = b + 48. Let j = 111 - 11. What is the greatest common divisor of w and j?
20
Suppose 6300 = -6*y + 16*y. Suppose 0 = -i + 6*i - y. What is the highest common divisor of i and 14?
14
Let y(n) be the third derivative of n**4/12 - 3*n**3 - 5*n**2. Let z be y(15). Calculate the highest common divisor of z and 48.
12
Suppose 0 = -2*r - 8, 149*k + 4*r + 124 = 150*k. Let f be 4/18 - (-212)/18. Calculate the highest common divisor of k and f.
12
Let t = 69 - 33. What is the highest common factor of t and 9?
9
Let h(b) = -b**3 - 22*b**2 - 22*b + 46. Let a be h(-21). What is the highest common divisor of 1273 and a?
67
Let n(h) = h**3 + h**2 - h - 3. Let x be n(2). Suppose -2*b - x - 17 = 0. Let v be ((-528)/(-18))/((-2)/b). What is the highest common factor of 16 and v?
16
Let f(o) = o**3 - 22*o**2 + 44*o - 47. Let s be f(20). What is the greatest common factor of 33 and s?
33
Let v(g) = -39*g - 107. Let l be v(-3). Calculate the greatest common divisor of 215 and l.
5
Let r = 78 + -30. Let s = r - 25. Let h = 79 - s. Calculate the greatest common factor of 14 and h.
14
Let x = -111 + 83. Let q be -1*(244/(-28) + 8/x). Calculate the greatest common factor of 9 and q.
9
Let l = 45 + 10. Let g = 68 - l. Calculate the greatest c